{"id":572,"date":"2020-06-22T14:47:10","date_gmt":"2020-06-22T14:47:10","guid":{"rendered":"https:\/\/albero.si\/sl\/?page_id=572"},"modified":"2022-09-13T08:55:39","modified_gmt":"2022-09-13T08:55:39","slug":"avancis-skala","status":"publish","type":"page","link":"https:\/\/albero.si\/sl\/avancis-skala\/","title":{"rendered":"Avancis SKALA"},"content":{"rendered":"<div style=\"width: 780px;\" class=\"wp-video\"><video class=\"wp-video-shortcode\" id=\"video-572-1\" width=\"780\" height=\"439\" preload=\"metadata\" controls=\"controls\"><source type=\"video\/mp4\" src=\"https:\/\/albero.si\/sl\/wp-content\/uploads\/2022\/09\/AVANCIS_Skala_References.mp4?_=1\" \/><a href=\"https:\/\/albero.si\/sl\/wp-content\/uploads\/2022\/09\/AVANCIS_Skala_References.mp4\">https:\/\/albero.si\/sl\/wp-content\/uploads\/2022\/09\/AVANCIS_Skala_References.mp4<\/a><\/video><\/div>\n<p>&nbsp;<\/p>\n<p><span style=\"font-size: 12pt;\">Smo zastopniki nove generacije fotovoltai\u010dnih panelov za prezra\u010devane fasade in strehe, proizvajalca <strong>AVANCIS<\/strong>.<\/span><\/p>\n<p><img loading=\"lazy\" decoding=\"async\" class=\"wp-image-546 alignnone\" src=\"https:\/\/albero.si\/sl\/wp-content\/uploads\/2020\/05\/768-512.png.jpg\" alt=\"\" width=\"650\" height=\"433\" srcset=\"https:\/\/albero.si\/sl\/wp-content\/uploads\/2020\/05\/768-512.png.jpg 768w, https:\/\/albero.si\/sl\/wp-content\/uploads\/2020\/05\/768-512.png-300x200.jpg 300w\" sizes=\"auto, (max-width: 650px) 100vw, 650px\" \/><\/p>\n<p><span style=\"font-size: 14pt;\"><strong>Gradimo son\u010dno prihodnost brez kompromisov z vidika estetike!<\/strong><\/span><\/p>\n<p>SKALA je tankoplastni fotovoltai\u010dni modul, ki deluje kot solarno aktiven gradbeni element za prezra\u010devano fasado in tako postavlja povsem nove standarde za estetske in funkcionalne re\u0161itve prezra\u010devanih solarnih fasad \u2013 ne glede na vrsto objekta ali gradbenega projekta.<\/p>\n<p><strong>Prednosti in re\u0161itve<\/strong><\/p>\n<p>Za arhitekte, izvajalce prezra\u010devanih fasad in investitorje SKALA ponuja prilo\u017enost, da se izdelajo in realizirajo povsem individualno prilagojene solarne fasade, z visoko estetiko in visoko energijsko u\u010dinkovitostjo. Tehni\u010dna osnova je estetski, tankoplastni solarni modul, ki je edinstven tako v smislu dizajna, energetske u\u010dinkovitosti, zmogljivosti, kakovosti in varnosti izdelka.<\/p>\n<p><strong>Zasnova<\/strong><\/p>\n<p>Zasnova modula je \u010dista estetika: brez okvirja, brez vidnih pritrditev s homogeno stekleno povr\u0161ino v razli\u010dnih barvah.<\/p>\n<p><strong>Kakovost<\/strong><\/p>\n<p>Moduli SKALA so razviti in proizvedeni v Nem\u010diji. Certificirana je po ISO, IEC, UL in abZ ter izpolnjuje najvi\u0161je standarde kakovosti in varnosti na podro\u010dju solarnih panelov in gradbeni\u0161tva.<\/p>\n<p><strong>U\u010dinkovitost<\/strong><\/p>\n<p>SKALA spremeni pasivne ovoje stavb v fasade, ki proizvajajo elektri\u010dno energijo in s tem aktivno prispeva k energetski bilanci zgradbe tudi v neugodnih vremenskih in na neugodnih lokacijah.<\/p>\n<p><strong>Prilagojene re\u0161itve za gradbene ovoje<\/strong><\/p>\n<p>SKALA je na voljo v razli\u010dnih dol\u017einah in barvah. Zahvaljujo\u010d posebni barvni tehnologiji se spekter razteza od diskretnega, svilnato gladkega mat videza do intenzivnih, od svetlobe odvisnih barvnih prelivov po celotni fasadi. Povr\u0161ine razvijejo edinstven barvni u\u010dinek!<\/p>\n<p><img loading=\"lazy\" decoding=\"async\" class=\"wp-image-592 alignleft\" src=\"https:\/\/albero.si\/sl\/wp-content\/uploads\/2022\/09\/Barve.jpg\" alt=\"\" width=\"599\" height=\"266\" srcset=\"https:\/\/albero.si\/sl\/wp-content\/uploads\/2022\/09\/Barve.jpg 764w, https:\/\/albero.si\/sl\/wp-content\/uploads\/2022\/09\/Barve-300x133.jpg 300w\" sizes=\"auto, (max-width: 599px) 100vw, 599px\" \/><\/p>\n<p>&nbsp;<\/p>\n<p>&nbsp;<\/p>\n<p>&nbsp;<\/p>\n<p>&nbsp;<\/p>\n<p>&nbsp;<\/p>\n<p>&nbsp;<\/p>\n<p>Arhitekturne module je mogo\u010de kombinirati z najrazli\u010dnej\u0161imi fasadnimi materiali, kot so aluminij, ALUCOBOND<sup>\u00ae<\/sup>, z vlakni armiran beton, Eternit, les, ekspandirana plo\u010devina, visokotla\u010dni laminat itd.<\/p>\n<p>Sanje o estetski in hkrati var\u010dni solarni fasadi s tem postanejo resni\u010dnost.<\/p>\n<p><strong>Na\u0161 koncept celotne storitve: od modula do celotnega fasadnega projekta<\/strong><strong>\u00a0<\/strong><\/p>\n<p>Na\u010drtovanje in izvedba solarnih fasad zahteva posebno in\u017eenirsko znanje. Poleg tega je potrebno uskladiti oblikovne, tehni\u010dne in ekonomske poglede naro\u010dnika, arhitekta in izvajalca, z zahtevami izvajalcev fasade in elektroin\u0161talacij.<\/p>\n<p>Vsi izdelki in storitve za trg vrhunskih fasad so razviti v AVANCIS BIPV oblikovalskem oddelku &#8211; od kompetenc za izdelek, ustreznega tehni\u010dnega svetovanja, pa vse do odgovornosti za na\u010drtovanje, nadzorin izvedbo celotnega fasadnega projekta skozi mre\u017eo na\u0161ih poslovnih partnerjev.<\/p>\n<p><u>Strankam izdelamo kompletne izra\u010dune za posamezen projekt, pomagamo pri pripravi dokumentacije za pridobitev soglasja ter pri pripravi dokumentacije za subvencijo EKO sklada.<\/u><\/p>\n<p><strong>Prezra\u010devani fasadni sistemi s Skala paneli<\/strong><\/p>\n<p>Arhitekturni moduli SKALA so zasnovani za uporabo v prezra\u010devanih fasadnih sistemih \u2013 sistemska re\u0161itev estetskih steklenih modulov brez okvirja brez vidnih pritrdilnih elementov in pametnih konstrukcijskih komponent.<\/p>\n<div style=\"width: 780px;\" class=\"wp-video\"><video class=\"wp-video-shortcode\" id=\"video-572-2\" width=\"780\" height=\"439\" preload=\"metadata\" controls=\"controls\"><source type=\"video\/mp4\" src=\"https:\/\/albero.si\/sl\/wp-content\/uploads\/2022\/09\/Ventilated_Facade_Systems_14_12_18.mp4?_=2\" \/><a href=\"https:\/\/albero.si\/sl\/wp-content\/uploads\/2022\/09\/Ventilated_Facade_Systems_14_12_18.mp4\">https:\/\/albero.si\/sl\/wp-content\/uploads\/2022\/09\/Ventilated_Facade_Systems_14_12_18.mp4<\/a><\/video><\/div>\n<p>&nbsp;<\/p>\n<p><strong>Vgradnja: preprosta, hitra in prilagodljiva<\/strong><\/p>\n<p>Arhitekturne module SKALA lahko glede na regionalne in krajevne gradbene predpise vgradite pokon\u010dno ali le\u017ee\u010de s katero koli fasadno podkonstrukcijo.<\/p>\n<p><img loading=\"lazy\" decoding=\"async\" class=\"wp-image-595 alignnone\" src=\"https:\/\/albero.si\/sl\/wp-content\/uploads\/2022\/09\/Vgradnja-panelov.jpg\" alt=\"\" width=\"601\" height=\"379\" srcset=\"https:\/\/albero.si\/sl\/wp-content\/uploads\/2022\/09\/Vgradnja-panelov.jpg 771w, https:\/\/albero.si\/sl\/wp-content\/uploads\/2022\/09\/Vgradnja-panelov-300x189.jpg 300w, https:\/\/albero.si\/sl\/wp-content\/uploads\/2022\/09\/Vgradnja-panelov-768x484.jpg 768w\" sizes=\"auto, (max-width: 601px) 100vw, 601px\" \/><\/p>\n<div style=\"width: 780px;\" class=\"wp-video\"><video class=\"wp-video-shortcode\" id=\"video-572-3\" width=\"780\" height=\"439\" preload=\"metadata\" controls=\"controls\"><source type=\"video\/mp4\" src=\"https:\/\/albero.si\/sl\/wp-content\/uploads\/2022\/09\/Easy_mounting.mp4?_=3\" \/><a href=\"https:\/\/albero.si\/sl\/wp-content\/uploads\/2022\/09\/Easy_mounting.mp4\">https:\/\/albero.si\/sl\/wp-content\/uploads\/2022\/09\/Easy_mounting.mp4<\/a><\/video><\/div>\n<p><strong>\u00a0<\/strong><\/p>\n<p><strong>Izdelano v Nem\u010diji<\/strong><\/p>\n<p>AVANCIS ima najdalj\u0161e izku\u0161nje v komercialni serijski proizvodnji solarnih modulov CIGS. Rezultat so inovativne produktne ideje, ki izstopajo z najsodobnej\u0161o tehnologijo, vrhunsko estetiko, kakovostjo in prepri\u010dljivo zmogljivostjo \u2013 \u00bbZasnovano in izdelano v Nem\u010diji\u00ab<\/p>\n","protected":false},"excerpt":{"rendered":"<p>&nbsp; Smo zastopniki nove generacije fotovoltai\u010dnih panelov za prezra\u010devane fasade in strehe, proizvajalca AVANCIS. Gradimo son\u010dno prihodnost brez kompromisov z [&hellip;]<\/p>\n","protected":false},"author":1,"featured_media":0,"parent":0,"menu_order":0,"comment_status":"closed","ping_status":"closed","template":"","meta":{"footnotes":""},"class_list":["post-572","page","type-page","status-publish","hentry"],"yoast_head":"<!-- This site is optimized with the Yoast SEO plugin v14.2 - https:\/\/yoast.com\/wordpress\/plugins\/seo\/ -->\n<title>Avancis SKALA - Albero.a Miran Zvonar s.p.<\/title>\n<meta name=\"robots\" content=\"index, follow\" \/>\n<meta name=\"googlebot\" content=\"index, follow, max-snippet:-1, max-image-preview:large, max-video-preview:-1\" \/>\n<meta name=\"bingbot\" content=\"index, follow, max-snippet:-1, max-image-preview:large, max-video-preview:-1\" \/>\n<link rel=\"canonical\" href=\"https:\/\/albero.si\/sl\/avancis-skala\/\" \/>\n<meta property=\"og:locale\" content=\"sl_SI\" \/>\n<meta property=\"og:type\" content=\"article\" \/>\n<meta property=\"og:title\" content=\"Avancis SKALA - Albero.a Miran Zvonar s.p.\" \/>\n<meta property=\"og:description\" content=\"&nbsp; Smo zastopniki nove generacije fotovoltai\u010dnih panelov za prezra\u010devane fasade in strehe, proizvajalca AVANCIS. Gradimo son\u010dno prihodnost brez kompromisov z [&hellip;]\" \/>\n<meta property=\"og:url\" content=\"https:\/\/albero.si\/sl\/avancis-skala\/\" \/>\n<meta property=\"og:site_name\" content=\"Albero.a Miran Zvonar s.p.\" \/>\n<meta property=\"article:modified_time\" content=\"2022-09-13T08:55:39+00:00\" \/>\n<meta property=\"og:image\" content=\"https:\/\/albero.si\/sl\/wp-content\/uploads\/2020\/05\/768-512.png.jpg\" \/>\n<meta name=\"twitter:card\" content=\"summary_large_image\" \/>\n<script type=\"application\/ld+json\" class=\"yoast-schema-graph\">{\"@context\":\"https:\/\/schema.org\",\"@graph\":[{\"@type\":\"Organization\",\"@id\":\"https:\/\/albero.si\/sl\/#organization\",\"name\":\"Albero.A, Miran Zvonar s.p.\",\"url\":\"https:\/\/albero.si\/sl\/\",\"sameAs\":[],\"logo\":{\"@type\":\"ImageObject\",\"@id\":\"https:\/\/albero.si\/sl\/#logo\",\"inLanguage\":\"sl-SI\",\"url\":\"https:\/\/albero.si\/sl\/wp-content\/uploads\/2020\/05\/albero-logo_new2.jpg\",\"width\":100,\"height\":100,\"caption\":\"Albero.A, Miran Zvonar s.p.\"},\"image\":{\"@id\":\"https:\/\/albero.si\/sl\/#logo\"}},{\"@type\":\"WebSite\",\"@id\":\"https:\/\/albero.si\/sl\/#website\",\"url\":\"https:\/\/albero.si\/sl\/\",\"name\":\"Albero.a Miran Zvonar s.p.\",\"description\":\"in\\u017eeniring, interier in ventilacijske fasade\",\"publisher\":{\"@id\":\"https:\/\/albero.si\/sl\/#organization\"},\"potentialAction\":[{\"@type\":\"SearchAction\",\"target\":\"https:\/\/albero.si\/sl\/?s={search_term_string}\",\"query-input\":\"required name=search_term_string\"}],\"inLanguage\":\"sl-SI\"},{\"@type\":\"ImageObject\",\"@id\":\"https:\/\/albero.si\/sl\/avancis-skala\/#primaryimage\",\"inLanguage\":\"sl-SI\",\"url\":\"https:\/\/albero.si\/sl\/wp-content\/uploads\/2020\/05\/768-512.png.jpg\",\"width\":768,\"height\":512},{\"@type\":\"WebPage\",\"@id\":\"https:\/\/albero.si\/sl\/avancis-skala\/#webpage\",\"url\":\"https:\/\/albero.si\/sl\/avancis-skala\/\",\"name\":\"Avancis SKALA - Albero.a Miran Zvonar s.p.\",\"isPartOf\":{\"@id\":\"https:\/\/albero.si\/sl\/#website\"},\"primaryImageOfPage\":{\"@id\":\"https:\/\/albero.si\/sl\/avancis-skala\/#primaryimage\"},\"datePublished\":\"2020-06-22T14:47:10+00:00\",\"dateModified\":\"2022-09-13T08:55:39+00:00\",\"inLanguage\":\"sl-SI\",\"potentialAction\":[{\"@type\":\"ReadAction\",\"target\":[\"https:\/\/albero.si\/sl\/avancis-skala\/\"]}]}]}<\/script>\n<!-- \/ Yoast SEO plugin. -->","_links":{"self":[{"href":"https:\/\/albero.si\/sl\/wp-json\/wp\/v2\/pages\/572","targetHints":{"allow":["GET"]}}],"collection":[{"href":"https:\/\/albero.si\/sl\/wp-json\/wp\/v2\/pages"}],"about":[{"href":"https:\/\/albero.si\/sl\/wp-json\/wp\/v2\/types\/page"}],"author":[{"embeddable":true,"href":"https:\/\/albero.si\/sl\/wp-json\/wp\/v2\/users\/1"}],"replies":[{"embeddable":true,"href":"https:\/\/albero.si\/sl\/wp-json\/wp\/v2\/comments?post=572"}],"version-history":[{"count":5,"href":"https:\/\/albero.si\/sl\/wp-json\/wp\/v2\/pages\/572\/revisions"}],"predecessor-version":[{"id":591,"href":"https:\/\/albero.si\/sl\/wp-json\/wp\/v2\/pages\/572\/revisions\/591"}],"wp:attachment":[{"href":"https:\/\/albero.si\/sl\/wp-json\/wp\/v2\/media?parent=572"}],"curies":[{"name":"wp","href":"https:\/\/api.w.org\/{rel}","templated":true}]}}

<div style="width: 780px;" class="wp-video"><video class="wp-video-shortcode" id="video-572-1" width="780" height="439" preload="metadata" controls="controls"><source type="video/mp4" src="https://albero.si/sl/wp-content/uploads/2022/09/AVANCIS_Skala_References.mp4?_=1" /><a href="https://albero.si/sl/wp-content/uploads/2022/09/AVANCIS_Skala_References.mp4">https://albero.si/sl/wp-content/uploads/2022/09/AVANCIS_Skala_References.mp4</a></video></div>
<p>&nbsp;</p>
<p><span style="font-size: 12pt;">Smo zastopniki nove generacije fotovoltaičnih panelov za prezračevane fasade in strehe, proizvajalca <strong>AVANCIS</strong>.</span></p>
<p><img loading="lazy" decoding="async" class="wp-image-546 alignnone" src="https://albero.si/sl/wp-content/uploads/2020/05/768-512.png.jpg" alt="" width="650" height="433" srcset="https://albero.si/sl/wp-content/uploads/2020/05/768-512.png.jpg 768w, https://albero.si/sl/wp-content/uploads/2020/05/768-512.png-300x200.jpg 300w" sizes="auto, (max-width: 650px) 100vw, 650px" /></p>
<p><span style="font-size: 14pt;"><strong>Gradimo sončno prihodnost brez kompromisov z vidika estetike!</strong></span></p>
<p>SKALA je tankoplastni fotovoltaični modul, ki deluje kot solarno aktiven gradbeni element za prezračevano fasado in tako postavlja povsem nove standarde za estetske in funkcionalne rešitve prezračevanih solarnih fasad – ne glede na vrsto objekta ali gradbenega projekta.</p>
<p><strong>Prednosti in rešitve</strong></p>
<p>Za arhitekte, izvajalce prezračevanih fasad in investitorje SKALA ponuja priložnost, da se izdelajo in realizirajo povsem individualno prilagojene solarne fasade, z visoko estetiko in visoko energijsko učinkovitostjo. Tehnična osnova je estetski, tankoplastni solarni modul, ki je edinstven tako v smislu dizajna, energetske učinkovitosti, zmogljivosti, kakovosti in varnosti izdelka.</p>
<p><strong>Zasnova</strong></p>
<p>Zasnova modula je čista estetika: brez okvirja, brez vidnih pritrditev s homogeno stekleno površino v različnih barvah.</p>
<p><strong>Kakovost</strong></p>
<p>Moduli SKALA so razviti in proizvedeni v Nemčiji. Certificirana je po ISO, IEC, UL in abZ ter izpolnjuje najvišje standarde kakovosti in varnosti na področju solarnih panelov in gradbeništva.</p>
<p><strong>Učinkovitost</strong></p>
<p>SKALA spremeni pasivne ovoje stavb v fasade, ki proizvajajo električno energijo in s tem aktivno prispeva k energetski bilanci zgradbe tudi v neugodnih vremenskih in na neugodnih lokacijah.</p>
<p><strong>Prilagojene rešitve za gradbene ovoje</strong></p>
<p>SKALA je na voljo v različnih dolžinah in barvah. Zahvaljujoč posebni barvni tehnologiji se spekter razteza od diskretnega, svilnato gladkega mat videza do intenzivnih, od svetlobe odvisnih barvnih prelivov po celotni fasadi. Površine razvijejo edinstven barvni učinek!</p>
<p><img loading="lazy" decoding="async" class="wp-image-592 alignleft" src="https://albero.si/sl/wp-content/uploads/2022/09/Barve.jpg" alt="" width="599" height="266" srcset="https://albero.si/sl/wp-content/uploads/2022/09/Barve.jpg 764w, https://albero.si/sl/wp-content/uploads/2022/09/Barve-300x133.jpg 300w" sizes="auto, (max-width: 599px) 100vw, 599px" /></p>
<p>&nbsp;</p>
<p>&nbsp;</p>
<p>&nbsp;</p>
<p>&nbsp;</p>
<p>&nbsp;</p>
<p>&nbsp;</p>
<p>Arhitekturne module je mogoče kombinirati z najrazličnejšimi fasadnimi materiali, kot so aluminij, ALUCOBOND<sup>®</sup>, z vlakni armiran beton, Eternit, les, ekspandirana pločevina, visokotlačni laminat itd.</p>
<p>Sanje o estetski in hkrati varčni solarni fasadi s tem postanejo resničnost.</p>
<p><strong>Naš koncept celotne storitve: od modula do celotnega fasadnega projekta</strong><strong> </strong></p>
<p>Načrtovanje in izvedba solarnih fasad zahteva posebno inženirsko znanje. Poleg tega je potrebno uskladiti oblikovne, tehnične in ekonomske poglede naročnika, arhitekta in izvajalca, z zahtevami izvajalcev fasade in elektroinštalacij.</p>
<p>Vsi izdelki in storitve za trg vrhunskih fasad so razviti v AVANCIS BIPV oblikovalskem oddelku &#8211; od kompetenc za izdelek, ustreznega tehničnega svetovanja, pa vse do odgovornosti za načrtovanje, nadzorin izvedbo celotnega fasadnega projekta skozi mrežo naših poslovnih partnerjev.</p>
<p><u>Strankam izdelamo kompletne izračune za posamezen projekt, pomagamo pri pripravi dokumentacije za pridobitev soglasja ter pri pripravi dokumentacije za subvencijo EKO sklada.</u></p>
<p><strong>Prezračevani fasadni sistemi s Skala paneli</strong></p>
<p>Arhitekturni moduli SKALA so zasnovani za uporabo v prezračevanih fasadnih sistemih – sistemska rešitev estetskih steklenih modulov brez okvirja brez vidnih pritrdilnih elementov in pametnih konstrukcijskih komponent.</p>
<div style="width: 780px;" class="wp-video"><video class="wp-video-shortcode" id="video-572-2" width="780" height="439" preload="metadata" controls="controls"><source type="video/mp4" src="https://albero.si/sl/wp-content/uploads/2022/09/Ventilated_Facade_Systems_14_12_18.mp4?_=2" /><a href="https://albero.si/sl/wp-content/uploads/2022/09/Ventilated_Facade_Systems_14_12_18.mp4">https://albero.si/sl/wp-content/uploads/2022/09/Ventilated_Facade_Systems_14_12_18.mp4</a></video></div>
<p>&nbsp;</p>
<p><strong>Vgradnja: preprosta, hitra in prilagodljiva</strong></p>
<p>Arhitekturne module SKALA lahko glede na regionalne in krajevne gradbene predpise vgradite pokončno ali ležeče s katero koli fasadno podkonstrukcijo.</p>
<p><img loading="lazy" decoding="async" class="wp-image-595 alignnone" src="https://albero.si/sl/wp-content/uploads/2022/09/Vgradnja-panelov.jpg" alt="" width="601" height="379" srcset="https://albero.si/sl/wp-content/uploads/2022/09/Vgradnja-panelov.jpg 771w, https://albero.si/sl/wp-content/uploads/2022/09/Vgradnja-panelov-300x189.jpg 300w, https://albero.si/sl/wp-content/uploads/2022/09/Vgradnja-panelov-768x484.jpg 768w" sizes="auto, (max-width: 601px) 100vw, 601px" /></p>
<div style="width: 780px;" class="wp-video"><video class="wp-video-shortcode" id="video-572-3" width="780" height="439" preload="metadata" controls="controls"><source type="video/mp4" src="https://albero.si/sl/wp-content/uploads/2022/09/Easy_mounting.mp4?_=3" /><a href="https://albero.si/sl/wp-content/uploads/2022/09/Easy_mounting.mp4">https://albero.si/sl/wp-content/uploads/2022/09/Easy_mounting.mp4</a></video></div>
<p><strong> </strong></p>
<p><strong>Izdelano v Nemčiji</strong></p>
<p>AVANCIS ima najdaljše izkušnje v komercialni serijski proizvodnji solarnih modulov CIGS. Rezultat so inovativne produktne ideje, ki izstopajo z najsodobnejšo tehnologijo, vrhunsko estetiko, kakovostjo in prepričljivo zmogljivostjo – »Zasnovano in izdelano v Nemčiji«</p>

<p>&nbsp; Smo zastopniki nove generacije fotovoltaičnih panelov za prezračevane fasade in strehe, proizvajalca AVANCIS. Gradimo sončno prihodnost brez kompromisov z [&hellip;]</p>

<!-- This site is optimized with the Yoast SEO plugin v14.2 - https://yoast.com/wordpress/plugins/seo/ -->
<title>Avancis SKALA - Albero.a Miran Zvonar s.p.</title>
<meta name="robots" content="index, follow" />
<meta name="googlebot" content="index, follow, max-snippet:-1, max-image-preview:large, max-video-preview:-1" />
<meta name="bingbot" content="index, follow, max-snippet:-1, max-image-preview:large, max-video-preview:-1" />
<link rel="canonical" href="https://albero.si/sl/avancis-skala/" />
<meta property="og:locale" content="sl_SI" />
<meta property="og:type" content="article" />
<meta property="og:title" content="Avancis SKALA - Albero.a Miran Zvonar s.p." />
<meta property="og:description" content="&nbsp; Smo zastopniki nove generacije fotovoltaičnih panelov za prezračevane fasade in strehe, proizvajalca AVANCIS. Gradimo sončno prihodnost brez kompromisov z [&hellip;]" />
<meta property="og:url" content="https://albero.si/sl/avancis-skala/" />
<meta property="og:site_name" content="Albero.a Miran Zvonar s.p." />
<meta property="article:modified_time" content="2022-09-13T08:55:39+00:00" />
<meta property="og:image" content="https://albero.si/sl/wp-content/uploads/2020/05/768-512.png.jpg" />
<meta name="twitter:card" content="summary_large_image" />
<script type="application/ld+json" class="yoast-schema-graph">{"@context":"https://schema.org","@graph":[{"@type":"Organization","@id":"https://albero.si/sl/#organization","name":"Albero.A, Miran Zvonar s.p.","url":"https://albero.si/sl/","sameAs":[],"logo":{"@type":"ImageObject","@id":"https://albero.si/sl/#logo","inLanguage":"sl-SI","url":"https://albero.si/sl/wp-content/uploads/2020/05/albero-logo_new2.jpg","width":100,"height":100,"caption":"Albero.A, Miran Zvonar s.p."},"image":{"@id":"https://albero.si/sl/#logo"}},{"@type":"WebSite","@id":"https://albero.si/sl/#website","url":"https://albero.si/sl/","name":"Albero.a Miran Zvonar s.p.","description":"in\u017eeniring, interier in ventilacijske fasade","publisher":{"@id":"https://albero.si/sl/#organization"},"potentialAction":[{"@type":"SearchAction","target":"https://albero.si/sl/?s={search_term_string}","query-input":"required name=search_term_string"}],"inLanguage":"sl-SI"},{"@type":"ImageObject","@id":"https://albero.si/sl/avancis-skala/#primaryimage","inLanguage":"sl-SI","url":"https://albero.si/sl/wp-content/uploads/2020/05/768-512.png.jpg","width":768,"height":512},{"@type":"WebPage","@id":"https://albero.si/sl/avancis-skala/#webpage","url":"https://albero.si/sl/avancis-skala/","name":"Avancis SKALA - Albero.a Miran Zvonar s.p.","isPartOf":{"@id":"https://albero.si/sl/#website"},"primaryImageOfPage":{"@id":"https://albero.si/sl/avancis-skala/#primaryimage"},"datePublished":"2020-06-22T14:47:10+00:00","dateModified":"2022-09-13T08:55:39+00:00","inLanguage":"sl-SI","potentialAction":[{"@type":"ReadAction","target":["https://albero.si/sl/avancis-skala/"]}]}]}</script>
<!-- / Yoast SEO plugin. -->
